{"id":15,"date":"2009-11-22T16:14:49","date_gmt":"2009-11-22T15:14:49","guid":{"rendered":"http:\/\/2019.economicsofeducation.com\/en\/?page_id=15"},"modified":"2026-03-26T17:45:45","modified_gmt":"2026-03-26T16:45:45","slug":"info-turistica","status":"publish","type":"page","link":"https:\/\/2026.economicsofeducation.com\/es\/info-turistica\/","title":{"rendered":"Log\u00edstica"},"content":{"rendered":"<p><span style=\"color: #000000;\">El Congreso se realizar\u00e1 en la siguiente direcci\u00f3n:<\/span><\/p>\n<p><span style=\"color: #000000;\">Facultad de Ciencias Empresariales<strong><br \/>\n<\/strong>Edificio Quintiliano<\/span><br \/>\n<span style=\"color: #000000;\">Calle La Cig\u00fce\u00f1a, 60<\/span><br \/>\n<span style=\"color: #000000;\">26006 Logro\u00f1o (La Rioja)<\/span><\/p>\n<p><span style=\"color: #000000;\">Espa\u00f1a<\/span><\/p>\n<p><a href=\"https:\/\/2026.economicsofeducation.com\/wp-content\/uploads\/Sede1.png\"><img loading=\"lazy\" decoding=\"async\" class=\"alignnone size-full wp-image-5734\" src=\"https:\/\/2026.economicsofeducation.com\/wp-content\/uploads\/Sede1.png\" alt=\"\" width=\"567\" height=\"278\" srcset=\"https:\/\/2026.economicsofeducation.com\/wp-content\/uploads\/Sede1.png 567w, https:\/\/2026.economicsofeducation.com\/wp-content\/uploads\/Sede1-300x147.png 300w\" sizes=\"auto, (max-width: 567px) 100vw, 567px\" \/><\/a><\/p>\n<p><a href=\"https:\/\/2026.economicsofeducation.com\/wp-content\/uploads\/Sede2.png\"><img loading=\"lazy\" decoding=\"async\" class=\"alignnone wp-image-5735\" src=\"https:\/\/2026.economicsofeducation.com\/wp-content\/uploads\/Sede2.png\" alt=\"\" width=\"566\" height=\"290\" srcset=\"https:\/\/2026.economicsofeducation.com\/wp-content\/uploads\/Sede2.png 850w, https:\/\/2026.economicsofeducation.com\/wp-content\/uploads\/Sede2-300x154.png 300w, https:\/\/2026.economicsofeducation.com\/wp-content\/uploads\/Sede2-768x394.png 768w\" sizes=\"auto, (max-width: 566px) 100vw, 566px\" \/><\/a><\/p>\n<p><a href=\"https:\/\/2026.economicsofeducation.com\/wp-content\/uploads\/Sede3.png\"><img loading=\"lazy\" decoding=\"async\" class=\"alignnone wp-image-5736\" src=\"https:\/\/2026.economicsofeducation.com\/wp-content\/uploads\/Sede3.png\" alt=\"\" width=\"564\" height=\"331\" srcset=\"https:\/\/2026.economicsofeducation.com\/wp-content\/uploads\/Sede3.png 1949w, https:\/\/2026.economicsofeducation.com\/wp-content\/uploads\/Sede3-300x176.png 300w, https:\/\/2026.economicsofeducation.com\/wp-content\/uploads\/Sede3-1024x600.png 1024w, https:\/\/2026.economicsofeducation.com\/wp-content\/uploads\/Sede3-768x450.png 768w, https:\/\/2026.economicsofeducation.com\/wp-content\/uploads\/Sede3-1536x900.png 1536w\" sizes=\"auto, (max-width: 564px) 100vw, 564px\" \/><\/a><\/p>\n<p><span style=\"color: #000000;\">La informaci\u00f3n tur\u00edstica se puede encontrar en:<\/span><\/p>\n<p><a href=\"https:\/\/lariojaturismo.com\">https:\/\/www.lariojaturismo.com\/<\/a><\/p>\n<p>&nbsp;<\/p>\n","protected":false},"excerpt":{"rendered":"<p>El Congreso se realizar\u00e1 en la siguiente direcci\u00f3n: Facultad de Ciencias Empresariales Edificio Quintiliano Calle La Cig\u00fce\u00f1a, 60 26006 Logro\u00f1o (La Rioja) Espa\u00f1a La informaci\u00f3n tur\u00edstica se puede encontrar en: https:\/\/www.lariojaturismo.com\/ &nbsp;<\/p>\n","protected":false},"author":421,"featured_media":0,"parent":0,"menu_order":100,"comment_status":"closed","ping_status":"closed","template":"","meta":{"footnotes":""},"class_list":["post-15","page","type-page","status-publish","hentry"],"_links":{"self":[{"href":"https:\/\/2026.economicsofeducation.com\/es\/wp-json\/wp\/v2\/pages\/15","targetHints":{"allow":["GET"]}}],"collection":[{"href":"https:\/\/2026.economicsofeducation.com\/es\/wp-json\/wp\/v2\/pages"}],"about":[{"href":"https:\/\/2026.economicsofeducation.com\/es\/wp-json\/wp\/v2\/types\/page"}],"author":[{"embeddable":true,"href":"https:\/\/2026.economicsofeducation.com\/es\/wp-json\/wp\/v2\/users\/421"}],"replies":[{"embeddable":true,"href":"https:\/\/2026.economicsofeducation.com\/es\/wp-json\/wp\/v2\/comments?post=15"}],"version-history":[{"count":11,"href":"https:\/\/2026.economicsofeducation.com\/es\/wp-json\/wp\/v2\/pages\/15\/revisions"}],"predecessor-version":[{"id":5742,"href":"https:\/\/2026.economicsofeducation.com\/es\/wp-json\/wp\/v2\/pages\/15\/revisions\/5742"}],"wp:attachment":[{"href":"https:\/\/2026.economicsofeducation.com\/es\/wp-json\/wp\/v2\/media?parent=15"}],"curies":[{"name":"wp","href":"https:\/\/api.w.org\/{rel}","templated":true}]}}

Logística

<p><span style="color: #000000;">El Congreso se realizará en la siguiente dirección:</span></p>
<p><span style="color: #000000;">Facultad de Ciencias Empresariales<strong><br />
</strong>Edificio Quintiliano</span><br />
<span style="color: #000000;">Calle La Cigüeña, 60</span><br />
<span style="color: #000000;">26006 Logroño (La Rioja)</span></p>
<p><span style="color: #000000;">España</span></p>
<p><a href="https://2026.economicsofeducation.com/wp-content/uploads/Sede1.png"><img loading="lazy" decoding="async" class="alignnone size-full wp-image-5734" src="https://2026.economicsofeducation.com/wp-content/uploads/Sede1.png" alt="" width="567" height="278" srcset="https://2026.economicsofeducation.com/wp-content/uploads/Sede1.png 567w, https://2026.economicsofeducation.com/wp-content/uploads/Sede1-300x147.png 300w" sizes="auto, (max-width: 567px) 100vw, 567px" /></a></p>
<p><a href="https://2026.economicsofeducation.com/wp-content/uploads/Sede2.png"><img loading="lazy" decoding="async" class="alignnone wp-image-5735" src="https://2026.economicsofeducation.com/wp-content/uploads/Sede2.png" alt="" width="566" height="290" srcset="https://2026.economicsofeducation.com/wp-content/uploads/Sede2.png 850w, https://2026.economicsofeducation.com/wp-content/uploads/Sede2-300x154.png 300w, https://2026.economicsofeducation.com/wp-content/uploads/Sede2-768x394.png 768w" sizes="auto, (max-width: 566px) 100vw, 566px" /></a></p>
<p><a href="https://2026.economicsofeducation.com/wp-content/uploads/Sede3.png"><img loading="lazy" decoding="async" class="alignnone wp-image-5736" src="https://2026.economicsofeducation.com/wp-content/uploads/Sede3.png" alt="" width="564" height="331" srcset="https://2026.economicsofeducation.com/wp-content/uploads/Sede3.png 1949w, https://2026.economicsofeducation.com/wp-content/uploads/Sede3-300x176.png 300w, https://2026.economicsofeducation.com/wp-content/uploads/Sede3-1024x600.png 1024w, https://2026.economicsofeducation.com/wp-content/uploads/Sede3-768x450.png 768w, https://2026.economicsofeducation.com/wp-content/uploads/Sede3-1536x900.png 1536w" sizes="auto, (max-width: 564px) 100vw, 564px" /></a></p>
<p><span style="color: #000000;">La información turística se puede encontrar en:</span></p>
<p><a href="https://lariojaturismo.com">https://www.lariojaturismo.com/</a></p>
<p>&nbsp;</p>

<p>El Congreso se realizará en la siguiente dirección: Facultad de Ciencias Empresariales Edificio Quintiliano Calle La Cigüeña, 60 26006 Logroño (La Rioja) España La información turística se puede encontrar en: https://www.lariojaturismo.com/ &nbsp;</p>
